{"id":1592,"date":"2023-02-12T22:06:27","date_gmt":"2023-02-12T22:06:27","guid":{"rendered":"https:\/\/jf-alferce.pt\/?post_type=eventos&#038;p=1592"},"modified":"2023-02-12T22:06:27","modified_gmt":"2023-02-12T22:06:27","slug":"bridge-2a-sessao-de-participacao-prioridades-e-capacidades-alferce","status":"publish","type":"eventos","link":"https:\/\/jf-alferce.pt\/?eventos=bridge-2a-sessao-de-participacao-prioridades-e-capacidades-alferce","title":{"rendered":"BRIDGE &#8211; 2\u00aa Sess\u00e3o de Participa\u00e7\u00e3o &#8220;PRIORIDADES E CAPACIDADES&#8221; &#8211; Alferce"},"content":{"rendered":"","protected":false},"featured_media":1595,"template":"","class_list":["post-1592","eventos","type-eventos","status-publish","has-post-thumbnail","hentry"],"_links":{"self":[{"href":"https:\/\/jf-alferce.pt\/index.php?rest_route=\/wp\/v2\/eventos\/1592","targetHints":{"allow":["GET"]}}],"collection":[{"href":"https:\/\/jf-alferce.pt\/index.php?rest_route=\/wp\/v2\/eventos"}],"about":[{"href":"https:\/\/jf-alferce.pt\/index.php?rest_route=\/wp\/v2\/types\/eventos"}],"wp:featuredmedia":[{"embeddable":true,"href":"https:\/\/jf-alferce.pt\/index.php?rest_route=\/wp\/v2\/media\/1595"}],"wp:attachment":[{"href":"https:\/\/jf-alferce.pt\/index.php?rest_route=%2Fwp%2Fv2%2Fmedia&parent=1592"}],"curies":[{"name":"wp","href":"https:\/\/api.w.org\/{rel}","templated":true}]}}

BRIDGE &#8211; 2ª Sessão de Participação &#8220;PRIORIDADES E CAPACIDADES&#8221; &#8211; Alferce
