{"id":1604,"date":"2023-03-05T12:30:13","date_gmt":"2023-03-05T12:30:13","guid":{"rendered":"https:\/\/jf-alferce.pt\/?post_type=eventos&#038;p=1604"},"modified":"2023-03-05T12:59:12","modified_gmt":"2023-03-05T12:59:12","slug":"rota-das-destilas-2023","status":"publish","type":"eventos","link":"https:\/\/jf-alferce.pt\/?eventos=rota-das-destilas-2023","title":{"rendered":"Rota das Destilas 2023"},"content":{"rendered":"<p>9H30 &#8211; Concentra\u00e7\u00e3o &#8211; Entrada do Alferce<\/p>\n<p>10H00 &#8211; Partida \u00e0s ADEGAS &#8211; Pedra Branca . Monte da Lameira . Lagarto . Quintas<\/p>\n<p>&nbsp;<\/p>\n<p>Inclui passeio pedestre, provas de medronho, degusta\u00e7\u00e3o de produtos regionais com almo\u00e7o e <strong>anima\u00e7\u00e3o musical<\/strong> com:<\/p>\n<p><strong>\u00abAmigos da Estila\u00bb<\/strong><\/p>\n<p>Fernanda Gon\u00e7alves<br \/>\nFernando M\u00e1rio<br \/>\nCarlos Emanuel<\/p>\n<p>&nbsp;<\/p>\n<p><strong>Inscri\u00e7\u00f5es limitadas ao n.\u00ba de participantes na Junta de Freguesia at\u00e9 dia 17 de Mar\u00e7o, entre as 9H00 e as 16H00.<\/strong><\/p>\n<p>A junta de Freguesia n\u00e3o se responsabiliza por qualquer acidente que ocorra durante o evento.<\/p>\n","protected":false},"featured_media":1605,"template":"","class_list":["post-1604","eventos","type-eventos","status-publish","has-post-thumbnail","hentry"],"_links":{"self":[{"href":"https:\/\/jf-alferce.pt\/index.php?rest_route=\/wp\/v2\/eventos\/1604","targetHints":{"allow":["GET"]}}],"collection":[{"href":"https:\/\/jf-alferce.pt\/index.php?rest_route=\/wp\/v2\/eventos"}],"about":[{"href":"https:\/\/jf-alferce.pt\/index.php?rest_route=\/wp\/v2\/types\/eventos"}],"wp:featuredmedia":[{"embeddable":true,"href":"https:\/\/jf-alferce.pt\/index.php?rest_route=\/wp\/v2\/media\/1605"}],"wp:attachment":[{"href":"https:\/\/jf-alferce.pt\/index.php?rest_route=%2Fwp%2Fv2%2Fmedia&parent=1604"}],"curies":[{"name":"wp","href":"https:\/\/api.w.org\/{rel}","templated":true}]}}

<p>9H30 &#8211; Concentração &#8211; Entrada do Alferce</p>
<p>10H00 &#8211; Partida às ADEGAS &#8211; Pedra Branca . Monte da Lameira . Lagarto . Quintas</p>
<p>&nbsp;</p>
<p>Inclui passeio pedestre, provas de medronho, degustação de produtos regionais com almoço e <strong>animação musical</strong> com:</p>
<p><strong>«Amigos da Estila»</strong></p>
<p>Fernanda Gonçalves<br />
Fernando Mário<br />
Carlos Emanuel</p>
<p>&nbsp;</p>
<p><strong>Inscrições limitadas ao n.º de participantes na Junta de Freguesia até dia 17 de Março, entre as 9H00 e as 16H00.</strong></p>
<p>A junta de Freguesia não se responsabiliza por qualquer acidente que ocorra durante o evento.</p>
