{"id":1612,"date":"2023-04-03T10:14:56","date_gmt":"2023-04-03T09:14:56","guid":{"rendered":"https:\/\/jf-alferce.pt\/?post_type=eventos&#038;p=1612"},"modified":"2023-04-03T10:17:14","modified_gmt":"2023-04-03T09:17:14","slug":"sessao-de-divulgacao-candidaturas-pedido-unico-2023","status":"publish","type":"eventos","link":"https:\/\/jf-alferce.pt\/?eventos=sessao-de-divulgacao-candidaturas-pedido-unico-2023","title":{"rendered":"Sess\u00e3o de Divulga\u00e7\u00e3o &#8211; Candidaturas Pedido \u00danico 2023"},"content":{"rendered":"<p>Mais detalhes no <a href=\"https:\/\/jf-alferce.pt\/wp-content\/uploads\/2023\/04\/2023-Sessao-de-Divulgacao-Candidaturas-Pedido-Unico-2023.jpg\" target=\"_blank\" rel=\"noopener\">cartaz<\/a>.<\/p>\n","protected":false},"featured_media":1613,"template":"","class_list":["post-1612","eventos","type-eventos","status-publish","has-post-thumbnail","hentry"],"_links":{"self":[{"href":"https:\/\/jf-alferce.pt\/index.php?rest_route=\/wp\/v2\/eventos\/1612","targetHints":{"allow":["GET"]}}],"collection":[{"href":"https:\/\/jf-alferce.pt\/index.php?rest_route=\/wp\/v2\/eventos"}],"about":[{"href":"https:\/\/jf-alferce.pt\/index.php?rest_route=\/wp\/v2\/types\/eventos"}],"wp:featuredmedia":[{"embeddable":true,"href":"https:\/\/jf-alferce.pt\/index.php?rest_route=\/wp\/v2\/media\/1613"}],"wp:attachment":[{"href":"https:\/\/jf-alferce.pt\/index.php?rest_route=%2Fwp%2Fv2%2Fmedia&parent=1612"}],"curies":[{"name":"wp","href":"https:\/\/api.w.org\/{rel}","templated":true}]}}

Sessão de Divulgação &#8211; Candidaturas Pedido Único 2023
