{"id":1621,"date":"2023-04-22T12:41:41","date_gmt":"2023-04-22T11:41:41","guid":{"rendered":"https:\/\/jf-alferce.pt\/?post_type=eventos&#038;p=1621"},"modified":"2023-04-22T12:41:41","modified_gmt":"2023-04-22T11:41:41","slug":"festa-do-bolo-de-tacho-2023","status":"publish","type":"eventos","link":"https:\/\/jf-alferce.pt\/?eventos=festa-do-bolo-de-tacho-2023","title":{"rendered":"Festa do Bolo de Tacho 2023"},"content":{"rendered":"<h2>Programa<\/h2>\n<p><strong>09h00 &#8211; Passeio Pedestre &#8211; Concentra\u00e7\u00e3o entrada de Alferce<\/strong><\/p>\n<p><strong>Inscri\u00e7\u00e3o at\u00e9 28 Abril: <a href=\"tel:282912126\">282912126<\/a> e <a href=\"tel:962149142\">962149142<\/a><br \/>\n<\/strong><strong>Email:<\/strong> <a href=\"mailto:geral@jf-alferce.pt\">geral@jf-alferce.pt<\/a><br \/>\nSecretaria da Junta de Freguesia entre as 9 e as 16 horas, dias \u00fateis.<\/p>\n<p><strong>11h00 Abertura da Mostra \/ Feira de Artesanato e produtos locais \/ Tasquinhas \/ Porco no Espeto<\/strong><\/p>\n<p><strong>14h00 &#8211; Anima\u00e7\u00e3o Musical \/ Baile<\/strong><\/p>\n<ul>\n<li>Rancho Folcl\u00f3rico Etnogr\u00e1fico de Odi\u00e1xere<\/li>\n<li>Paulo das Vacas<\/li>\n<li>Cl\u00e1udio Rosado<\/li>\n<\/ul>\n<p>&nbsp;<\/p>\n","protected":false},"featured_media":1622,"template":"","class_list":["post-1621","eventos","type-eventos","status-publish","has-post-thumbnail","hentry"],"_links":{"self":[{"href":"https:\/\/jf-alferce.pt\/index.php?rest_route=\/wp\/v2\/eventos\/1621","targetHints":{"allow":["GET"]}}],"collection":[{"href":"https:\/\/jf-alferce.pt\/index.php?rest_route=\/wp\/v2\/eventos"}],"about":[{"href":"https:\/\/jf-alferce.pt\/index.php?rest_route=\/wp\/v2\/types\/eventos"}],"wp:featuredmedia":[{"embeddable":true,"href":"https:\/\/jf-alferce.pt\/index.php?rest_route=\/wp\/v2\/media\/1622"}],"wp:attachment":[{"href":"https:\/\/jf-alferce.pt\/index.php?rest_route=%2Fwp%2Fv2%2Fmedia&parent=1621"}],"curies":[{"name":"wp","href":"https:\/\/api.w.org\/{rel}","templated":true}]}}

<h2>Programa</h2>
<p><strong>09h00 &#8211; Passeio Pedestre &#8211; Concentração entrada de Alferce</strong></p>
<p><strong>Inscrição até 28 Abril: <a href="tel:282912126">282912126</a> e <a href="tel:962149142">962149142</a><br />
</strong><strong>Email:</strong> <a href="mailto:geral@jf-alferce.pt">geral@jf-alferce.pt</a><br />
Secretaria da Junta de Freguesia entre as 9 e as 16 horas, dias úteis.</p>
<p><strong>11h00 Abertura da Mostra / Feira de Artesanato e produtos locais / Tasquinhas / Porco no Espeto</strong></p>
<p><strong>14h00 &#8211; Animação Musical / Baile</strong></p>
<ul>
<li>Rancho Folclórico Etnográfico de Odiáxere</li>
<li>Paulo das Vacas</li>
<li>Cláudio Rosado</li>
</ul>
<p>&nbsp;</p>
