{"id":1648,"date":"2023-09-21T15:51:30","date_gmt":"2023-09-21T14:51:30","guid":{"rendered":"https:\/\/jf-alferce.pt\/?post_type=eventos&#038;p=1648"},"modified":"2023-09-21T16:00:58","modified_gmt":"2023-09-21T15:00:58","slug":"sessoes-de-esclarecimento-sobre-a-rede-de-parceiros-certificados-da-via-algarviana","status":"publish","type":"eventos","link":"https:\/\/jf-alferce.pt\/?eventos=sessoes-de-esclarecimento-sobre-a-rede-de-parceiros-certificados-da-via-algarviana","title":{"rendered":"Sess\u00f5es de esclarecimento sobre a Rede de Parceiros Certificados da Via Algarviana"},"content":{"rendered":"<p>Inscri\u00e7\u00e3o gr\u00e1tis pelo email: <a href=\"mailto:viaalgarviana@viaalgarviana.org\">viaalgarviana@viaalgarviana.org<\/a><\/p>\n<p>&nbsp;<\/p>\n","protected":false},"featured_media":1650,"template":"","class_list":["post-1648","eventos","type-eventos","status-publish","has-post-thumbnail","hentry"],"_links":{"self":[{"href":"https:\/\/jf-alferce.pt\/index.php?rest_route=\/wp\/v2\/eventos\/1648","targetHints":{"allow":["GET"]}}],"collection":[{"href":"https:\/\/jf-alferce.pt\/index.php?rest_route=\/wp\/v2\/eventos"}],"about":[{"href":"https:\/\/jf-alferce.pt\/index.php?rest_route=\/wp\/v2\/types\/eventos"}],"wp:featuredmedia":[{"embeddable":true,"href":"https:\/\/jf-alferce.pt\/index.php?rest_route=\/wp\/v2\/media\/1650"}],"wp:attachment":[{"href":"https:\/\/jf-alferce.pt\/index.php?rest_route=%2Fwp%2Fv2%2Fmedia&parent=1648"}],"curies":[{"name":"wp","href":"https:\/\/api.w.org\/{rel}","templated":true}]}}

Sessões de esclarecimento sobre a Rede de Parceiros Certificados da Via Algarviana

<p>Inscrição grátis pelo email: <a href="mailto:viaalgarviana@viaalgarviana.org">viaalgarviana@viaalgarviana.org</a></p>
<p>&nbsp;</p>
