{"id":1791,"date":"2024-04-05T12:13:15","date_gmt":"2024-04-05T11:13:15","guid":{"rendered":"https:\/\/jf-alferce.pt\/?post_type=eventos&#038;p=1791"},"modified":"2026-04-20T11:29:19","modified_gmt":"2026-04-20T10:29:19","slug":"festa-do-bolo-de-tacho-2024","status":"publish","type":"eventos","link":"https:\/\/jf-alferce.pt\/?eventos=festa-do-bolo-de-tacho-2024","title":{"rendered":"Festa do Bolo de Tacho 2024"},"content":{"rendered":"<h2>Programa<\/h2>\n<p><strong>09h00 &#8211; Passeio Pedestre &#8211; Concentra\u00e7\u00e3o em Alferce<\/strong><\/p>\n<p><strong>\u00a0 \u00a0 \u00a0 \u00a0 \u00a0 \u00a0 \u00a0 \u00a0 \u00a0Inscri\u00e7\u00f5es abertas at\u00e9 26 Abril<br \/>\n<\/strong>\u00a0 \u00a0 \u00a0 \u00a0 \u00a0 \u00a0 \u00a0 \u00a0 \u00a0 <a href=\"mailto:geral@jf-alferce.pt\">geral@jf-alferce.pt<\/a> | 282 912 126 | 962 149 142<\/p>\n<p><strong>11h00 &#8211; Abertura da Feira de Artesanato e Tasquinhas\u00a0<\/strong><\/p>\n<p><strong>12h00 &#8211; Inaugura\u00e7\u00e3o da 1\u00aa Exposi\u00e7\u00e3o de Fotografia de Alferce<\/strong><\/p>\n<p><strong>14h00 &#8211; Anima\u00e7\u00e3o Musical\u00a0<\/strong><\/p>\n<ul>\n<li>Grupo Etnogr\u00e1fico da Serra do Caldeir\u00e3o &#8211; Cortelha<\/li>\n<li>Telma Santos &amp; Nelson Duarte<\/li>\n<\/ul>\n<p>&nbsp;<\/p>\n","protected":false},"featured_media":1792,"template":"","class_list":["post-1791","eventos","type-eventos","status-publish","has-post-thumbnail","hentry"],"_links":{"self":[{"href":"https:\/\/jf-alferce.pt\/index.php?rest_route=\/wp\/v2\/eventos\/1791","targetHints":{"allow":["GET"]}}],"collection":[{"href":"https:\/\/jf-alferce.pt\/index.php?rest_route=\/wp\/v2\/eventos"}],"about":[{"href":"https:\/\/jf-alferce.pt\/index.php?rest_route=\/wp\/v2\/types\/eventos"}],"wp:featuredmedia":[{"embeddable":true,"href":"https:\/\/jf-alferce.pt\/index.php?rest_route=\/wp\/v2\/media\/1792"}],"wp:attachment":[{"href":"https:\/\/jf-alferce.pt\/index.php?rest_route=%2Fwp%2Fv2%2Fmedia&parent=1791"}],"curies":[{"name":"wp","href":"https:\/\/api.w.org\/{rel}","templated":true}]}}

<h2>Programa</h2>
<p><strong>09h00 &#8211; Passeio Pedestre &#8211; Concentração em Alferce</strong></p>
<p><strong>                 Inscrições abertas até 26 Abril<br />
</strong>                  <a href="mailto:geral@jf-alferce.pt">geral@jf-alferce.pt</a> | 282 912 126 | 962 149 142</p>
<p><strong>11h00 &#8211; Abertura da Feira de Artesanato e Tasquinhas </strong></p>
<p><strong>12h00 &#8211; Inauguração da 1ª Exposição de Fotografia de Alferce</strong></p>
<p><strong>14h00 &#8211; Animação Musical </strong></p>
<ul>
<li>Grupo Etnográfico da Serra do Caldeirão &#8211; Cortelha</li>
<li>Telma Santos &amp; Nelson Duarte</li>
</ul>
<p>&nbsp;</p>
