{"id":2494,"date":"2026-04-15T15:02:07","date_gmt":"2026-04-15T14:02:07","guid":{"rendered":"https:\/\/jf-alferce.pt\/?page_id=2494"},"modified":"2026-04-15T15:02:07","modified_gmt":"2026-04-15T14:02:07","slug":"casa-mortuaria","status":"publish","type":"page","link":"https:\/\/jf-alferce.pt\/?page_id=2494","title":{"rendered":"Casa Mortu\u00e1ria"},"content":{"rendered":"\t\t<div data-elementor-type=\"wp-page\" data-elementor-id=\"2494\" class=\"elementor elementor-2494\" data-elementor-post-type=\"page\">\n\t\t\t\t\t\t<section class=\"elementor-section elementor-top-section elementor-element elementor-element-9991ba9 elementor-section-boxed elementor-section-height-default elementor-section-height-default\" data-id=\"9991ba9\" data-element_type=\"section\" data-settings=\"{&quot;jet_parallax_layout_list&quot;:[]}\">\n\t\t\t\t\t\t<div class=\"elementor-container elementor-column-gap-default\">\n\t\t\t\t\t<div class=\"elementor-column elementor-col-100 elementor-top-column elementor-element elementor-element-df0b372\" data-id=\"df0b372\" data-element_type=\"column\">\n\t\t\t<div class=\"elementor-widget-wrap elementor-element-populated\">\n\t\t\t\t\t\t<div class=\"elementor-element elementor-element-c4d6c5e elementor-widget elementor-widget-spacer\" data-id=\"c4d6c5e\" data-element_type=\"widget\" data-widget_type=\"spacer.default\">\n\t\t\t\t<div class=\"elementor-widget-container\">\n\t\t\t\t\t<div class=\"elementor-spacer\">\n\t\t\t<div class=\"elementor-spacer-inner\"><\/div>\n\t\t<\/div>\n\t\t\t\t<\/div>\n\t\t\t\t<\/div>\n\t\t\t\t\t<\/div>\n\t\t<\/div>\n\t\t\t\t\t<\/div>\n\t\t<\/section>\n\t\t\t\t<section class=\"elementor-section elementor-top-section elementor-element elementor-element-49d3bf5 elementor-section-boxed elementor-section-height-default elementor-section-height-default\" data-id=\"49d3bf5\" data-element_type=\"section\" data-settings=\"{&quot;jet_parallax_layout_list&quot;:[]}\">\n\t\t\t\t\t\t<div class=\"elementor-container elementor-column-gap-default\">\n\t\t\t\t\t<div class=\"elementor-column elementor-col-100 elementor-top-column elementor-element elementor-element-b8877ab\" data-id=\"b8877ab\" data-element_type=\"column\">\n\t\t\t<div class=\"elementor-widget-wrap elementor-element-populated\">\n\t\t\t\t\t\t<div class=\"elementor-element elementor-element-f220603 elementor-widget__width-initial elementor-widget elementor-widget-image\" data-id=\"f220603\" data-element_type=\"widget\" data-widget_type=\"image.default\">\n\t\t\t\t<div class=\"elementor-widget-container\">\n\t\t\t\t\t\t\t\t\t\t\t\t\t<img fetchpriority=\"high\" decoding=\"async\" width=\"800\" height=\"573\" src=\"https:\/\/jf-alferce.pt\/wp-content\/uploads\/2026\/04\/casa-mortuaria-alferce-1024x734.jpeg\" class=\"attachment-large size-large wp-image-2625\" alt=\"\" srcset=\"https:\/\/jf-alferce.pt\/wp-content\/uploads\/2026\/04\/casa-mortuaria-alferce-1024x734.jpeg 1024w, https:\/\/jf-alferce.pt\/wp-content\/uploads\/2026\/04\/casa-mortuaria-alferce-300x215.jpeg 300w, https:\/\/jf-alferce.pt\/wp-content\/uploads\/2026\/04\/casa-mortuaria-alferce-768x550.jpeg 768w, https:\/\/jf-alferce.pt\/wp-content\/uploads\/2026\/04\/casa-mortuaria-alferce-1536x1100.jpeg 1536w, https:\/\/jf-alferce.pt\/wp-content\/uploads\/2026\/04\/casa-mortuaria-alferce.jpeg 1583w\" sizes=\"(max-width: 800px) 100vw, 800px\" \/>\t\t\t\t\t\t\t\t\t\t\t\t\t<\/div>\n\t\t\t\t<\/div>\n\t\t\t\t\t<\/div>\n\t\t<\/div>\n\t\t\t\t\t<\/div>\n\t\t<\/section>\n\t\t\t\t<section class=\"elementor-section elementor-top-section elementor-element elementor-element-8afbc18 elementor-section-boxed elementor-section-height-default elementor-section-height-default\" data-id=\"8afbc18\" data-element_type=\"section\" data-settings=\"{&quot;jet_parallax_layout_list&quot;:[]}\">\n\t\t\t\t\t\t<div class=\"elementor-container elementor-column-gap-default\">\n\t\t\t\t\t<div class=\"elementor-column elementor-col-100 elementor-top-column elementor-element elementor-element-951abe9\" data-id=\"951abe9\" data-element_type=\"column\">\n\t\t\t<div class=\"elementor-widget-wrap elementor-element-populated\">\n\t\t\t\t\t\t<div class=\"elementor-element elementor-element-cc1ef15 elementor-widget elementor-widget-spacer\" data-id=\"cc1ef15\" data-element_type=\"widget\" data-widget_type=\"spacer.default\">\n\t\t\t\t<div class=\"elementor-widget-container\">\n\t\t\t\t\t<div class=\"elementor-spacer\">\n\t\t\t<div class=\"elementor-spacer-inner\"><\/div>\n\t\t<\/div>\n\t\t\t\t<\/div>\n\t\t\t\t<\/div>\n\t\t\t\t\t<\/div>\n\t\t<\/div>\n\t\t\t\t\t<\/div>\n\t\t<\/section>\n\t\t\t\t<section class=\"elementor-section elementor-top-section elementor-element elementor-element-2cf6379 elementor-section-boxed elementor-section-height-default elementor-section-height-default\" data-id=\"2cf6379\" data-element_type=\"section\" data-settings=\"{&quot;jet_parallax_layout_list&quot;:[]}\">\n\t\t\t\t\t\t<div class=\"elementor-container elementor-column-gap-default\">\n\t\t\t\t\t<div class=\"elementor-column elementor-col-100 elementor-top-column elementor-element elementor-element-9d00a84\" data-id=\"9d00a84\" data-element_type=\"column\">\n\t\t\t<div class=\"elementor-widget-wrap elementor-element-populated\">\n\t\t\t\t\t\t<div class=\"elementor-element elementor-element-cb08e5f elementor-widget elementor-widget-text-editor\" data-id=\"cb08e5f\" data-element_type=\"widget\" data-widget_type=\"text-editor.default\">\n\t\t\t\t<div class=\"elementor-widget-container\">\n\t\t\t\t\t\t\t<p>A Casa Mortu\u00e1ria de Alferce \u00e9 um equipamento p\u00fablico de apoio social e comunit\u00e1rio que desempenha uma fun\u00e7\u00e3o essencial no acompanhamento das fam\u00edlias em momentos de luto. Este espa\u00e7o foi concebido para proporcionar condi\u00e7\u00f5es dignas, serenas e adequadas \u00e0 realiza\u00e7\u00e3o de vel\u00f3rios e cerim\u00f3nias de despedida.<\/p><p>\u00a0<\/p><p>Dotada das condi\u00e7\u00f5es necess\u00e1rias para o acolhimento dos familiares e amigos do falecido, a Casa Mortu\u00e1ria oferece um ambiente resguardado e respeitador, permitindo que as cerim\u00f3nias decorram com tranquilidade e privacidade.<\/p><p>\u00a0<\/p><p>Enquanto infraestrutura de uso p\u00fablico, a Casa Mortu\u00e1ria de Alferce integra o conjunto de equipamentos sociais da freguesia, refletindo a preocupa\u00e7\u00e3o com o bem-estar coletivo e o respeito pelas tradi\u00e7\u00f5es locais associadas aos rituais f\u00fanebres.<\/p><p>\u00a0<\/p><p>A gest\u00e3o e manuten\u00e7\u00e3o da Casa Mortu\u00e1ria s\u00e3o asseguradas pela Junta de Freguesia de Alferce, garantindo o funcionamento adequado do espa\u00e7o e a sua disponibilidade sempre que necess\u00e1rio. Atrav\u00e9s do <a href=\"https:\/\/jf-alferce.pt\/wp-content\/uploads\/2021\/05\/Regulamento-Casa-Mortuaria-FREGUESIA-DE-ALFERCE.pdf\">Regulamento de Utiliza\u00e7\u00e3o<\/a> deste espa\u00e7o e do Regulamento e Tabela de Taxas, os interessados podem obter mais informa\u00e7\u00e3o sobre a sua ced\u00eancia. Para verificar disponibilidade aconselhamos que contacte diretamente os servi\u00e7os da Junta de Freguesia.<\/p>\t\t\t\t\t\t<\/div>\n\t\t\t\t<\/div>\n\t\t\t\t\t<\/div>\n\t\t<\/div>\n\t\t\t\t\t<\/div>\n\t\t<\/section>\n\t\t\t\t<section class=\"elementor-section elementor-top-section elementor-element elementor-element-2946908 elementor-section-boxed elementor-section-height-default elementor-section-height-default\" data-id=\"2946908\" data-element_type=\"section\" data-settings=\"{&quot;jet_parallax_layout_list&quot;:[]}\">\n\t\t\t\t\t\t<div class=\"elementor-container elementor-column-gap-default\">\n\t\t\t\t\t<div class=\"elementor-column elementor-col-100 elementor-top-column elementor-element elementor-element-fd844df\" data-id=\"fd844df\" data-element_type=\"column\">\n\t\t\t<div class=\"elementor-widget-wrap elementor-element-populated\">\n\t\t\t\t\t\t<div class=\"elementor-element elementor-element-0c9362b elementor-widget elementor-widget-spacer\" data-id=\"0c9362b\" data-element_type=\"widget\" data-widget_type=\"spacer.default\">\n\t\t\t\t<div class=\"elementor-widget-container\">\n\t\t\t\t\t<div class=\"elementor-spacer\">\n\t\t\t<div class=\"elementor-spacer-inner\"><\/div>\n\t\t<\/div>\n\t\t\t\t<\/div>\n\t\t\t\t<\/div>\n\t\t\t\t\t<\/div>\n\t\t<\/div>\n\t\t\t\t\t<\/div>\n\t\t<\/section>\n\t\t\t\t<\/div>\n\t\t","protected":false},"excerpt":{"rendered":"<p>A Casa Mortu\u00e1ria de Alferce \u00e9 um equipamento p\u00fablico de apoio social e comunit\u00e1rio que desempenha uma fun\u00e7\u00e3o essencial no acompanhamento das fam\u00edlias em momentos de luto. Este espa\u00e7o foi concebido para proporcionar condi\u00e7\u00f5es dignas, serenas e adequadas \u00e0 realiza\u00e7\u00e3o de vel\u00f3rios e cerim\u00f3nias de despedida. Dotada das condi\u00e7\u00f5es necess\u00e1rias para o acolhimento dos familiares [&hellip;]<\/p>\n","protected":false},"author":2,"featured_media":0,"parent":489,"menu_order":0,"comment_status":"closed","ping_status":"closed","template":"","meta":{"footnotes":""},"class_list":["post-2494","page","type-page","status-publish","hentry"],"_links":{"self":[{"href":"https:\/\/jf-alferce.pt\/index.php?rest_route=\/wp\/v2\/pages\/2494","targetHints":{"allow":["GET"]}}],"collection":[{"href":"https:\/\/jf-alferce.pt\/index.php?rest_route=\/wp\/v2\/pages"}],"about":[{"href":"https:\/\/jf-alferce.pt\/index.php?rest_route=\/wp\/v2\/types\/page"}],"author":[{"embeddable":true,"href":"https:\/\/jf-alferce.pt\/index.php?rest_route=\/wp\/v2\/users\/2"}],"replies":[{"embeddable":true,"href":"https:\/\/jf-alferce.pt\/index.php?rest_route=%2Fwp%2Fv2%2Fcomments&post=2494"}],"version-history":[{"count":8,"href":"https:\/\/jf-alferce.pt\/index.php?rest_route=\/wp\/v2\/pages\/2494\/revisions"}],"predecessor-version":[{"id":2710,"href":"https:\/\/jf-alferce.pt\/index.php?rest_route=\/wp\/v2\/pages\/2494\/revisions\/2710"}],"up":[{"embeddable":true,"href":"https:\/\/jf-alferce.pt\/index.php?rest_route=\/wp\/v2\/pages\/489"}],"wp:attachment":[{"href":"https:\/\/jf-alferce.pt\/index.php?rest_route=%2Fwp%2Fv2%2Fmedia&parent=2494"}],"curies":[{"name":"wp","href":"https:\/\/api.w.org\/{rel}","templated":true}]}}